he greatest common divisor of f and 3.
3
Let r be 2/(-6) - (16/6 + -2). Let y be (-19)/(95/10) + 111 + r. Calculate the greatest common divisor of y and 4.
4
Let w be 8 + 1866 + 4 - 8. What is the highest common divisor of 20 and w?
10
Let v be (-48)/(-15) + 1/(-5). Let i be (12/v - 1)*(-672)/(-9). What is the greatest common divisor of 28 and i?
28
Let d(o) = 36 + 713*o + 19*o**2 + 720*o - 1427*o. Let i be d(-5). What is the highest common factor of i and 13?
13
Suppose -576 = -5*u + 509. Let t(a) = -3*a + 73. Let s be t(14). What is the highest common divisor of u and s?
31
Let x be (18/(-4) + 4)*-4. Suppose -x*j + 6 = 4*c + c, -j + 3 = -2*c. Let s be 52 - (j - 0)*-1. What is the greatest common factor of s and 22?
11
Let l = -145 - -154. Let b(x) = 55*x**2 + x + 7*x**2 + 11*x**2. Let f be b(-1). Calculate the greatest common factor of f and l.
9
Let l(d) be the first derivative of -47*d**2/2 + 120*d - 84. Let o be l(-15). What is the highest common factor of o and 33?
33
Let i(z) = 4*z - 148. Let r be i(37). Suppose -57*m + 3131 - 338 = r. What is the greatest common divisor of 56 and m?
7
Let a be 4*(((-128312)/(-24))/(-43))/(1/(-12)). Calculate the highest common factor of a and 80.
16
Let o = 5218 - 5202. Calculate the highest common factor of 2392 and o.
8
Let b(d) = -2*d - 1. Let g(w) = -6*w + 14. Let h(x) = 6*b(x) - 3*g(x). Let n be h(11). Let t = 10 - 4. What is the greatest common divisor of n and t?
6
Suppose -368*p + 39*p + 31*p + 697320 = 0. Calculate the greatest common factor of 720 and p.
180
Suppose -570 = -l - 4*u, -45*u + 39*u + 18 = 0. What is the greatest common factor of l and 1922?
62
Let j(n) = -n**2 - 3*n - 3. Let o be j(3). Let g be 1 - o/4 - (-30)/(-120). Let p be (8 - 128/(-3)) + 2/g. What is the highest common factor of 34 and p?
17
Suppose -30*k - 20*k + 222090 = -39*k. What is the greatest common factor of 20 and k?
10
Let m = -8750 + 8852. What is the highest common divisor of 5457 and m?
51
Let z(y) = 20*y**3 - 2259*y**2 - 119*y + 716. Let l be z(113). Suppose -2*g - 152 = -4*g. What is the greatest common divisor of l and g?
38
Let i be 232/(4/((-176)/52) - -1). Let t = -841 - i. Calculate the highest common divisor of 30 and t.
15
Let t(z) = 20*z - 86. Let u be t(4). Let l be 1 - (231/(-22) - (-3)/u). What is the highest common divisor of l and 66?
6
Let s = -9470 + 9869. What is the greatest common divisor of 301 and s?
7
Let a be (-75 - (22 + -11))*(6 + -7). Calculate the greatest common factor of 774 and a.
86
Let o be (-28)/(-70) - (-836)/10. Calculate the greatest common factor of 112 and o.
28
Let l be 2/3 + 2042/6. Let t be ((-18459)/(-378))/293 + ((-325)/6)/(-5). What is the greatest common divisor of t and l?
11
Suppose 3*m - 3*o - 357 = 0, 4*o + 296 = 2*m + 44. Calculate the highest common factor of m and 1808.
16
Let x = -881 + 925. Let t = 11 + -7. Calculate the greatest common factor of x and t.
4
Let s(y) = 43*y**2 + 4*y - 3. Let w be s(-3). Suppose -35*m + 96 = -31*m. What is the greatest common factor of m and w?
12
Let r = 731 - 354. Suppose -7*x + x + 174 = 0. What is the greatest common factor of r and x?
29
Let j(u) = 4 - u**3 + 229*u - 210*u + u**2 + 11. Let t be j(-5). What is the greatest common factor of t and 28?
14
Suppose -3*o + 122640 = -5*o + 16*o. Calculate the highest common factor of 30 and o.
30
Let t = 172 + -866. Let r = t - -754. What is the greatest common factor of 620 and r?
20
Let q(r) = 2 + 1 + 46*r - 8 + 7. Let z be q(1). Suppose 3*x + c - 72 = 2*x, -4*c + 144 = 2*x. Calculate the greatest common factor of x and z.
24
Let w(c) = -12*c + 110. Let n be w(8). Suppose -o - o - 44 = 0. Let z = o + 36. Calculate the highest common factor of z and n.
14
Let y(r) = -5*r - 98. Let g(p) = 3*p - 36. Let u be g(5). Let v be y(u). Let h be 2/6 + (-4)/(-6). Calculate the highest common factor of v and h.
1
Suppose -k - 2*k + 123 = 0. Suppose -w = -k + 26. Let v be (5/(-4))/((-17)/204). Calculate the highest common factor of w and v.
15
Suppose 4*t + t = 4*l + 41, -5*t + l + 44 = 0. Suppose 17 = z - 3*r, -14*r = 5*z - t*r - 45. Calculate the greatest common divisor of z and 88.
11
Suppose -q + 270 = 2*q. Suppose 0 = 52*u - 2552 + 212. Calculate the greatest common divisor of q and u.
45
Suppose 0 = -23*j + 122318 + 161065. Calculate the highest common divisor of j and 666.
333
Let b(j) = j**2 - 14*j - 377. Let q be b(-14). What is the greatest common divisor of q and 155?
5
Suppose 32 = 54*h - 50*h. Suppose h*x - 372 = 236. What is the highest common factor of 19 and x?
19
Let v(z) = -72*z + 1732. Let d be v(-12). Calculate the highest common factor of d and 132.
44
Let o be 2 + -3 + -2 + (-200)/(-5). Let c = o - 5. What is the highest common divisor of 4 and c?
4
Let q = -7615 - -11290. Calculate the highest common factor of 75 and q.
75
Let n = 4974 + -4590. What is the highest common divisor of n and 72?
24
Let r = -19772 - -20080. Calculate the highest common divisor of r and 7161.
77
Let i be 513 - ((6 - -13) + -18). Calculate the highest common factor of 3200 and i.
128
Let h be ((-2)/(-6))/(32 + 336934/(-10530)). Calculate the highest common divisor of h and 621.
27
Let a be 14 - ((8 - 12) + -120). Calculate the greatest common factor of a and 23.
23
Let t be ((-45)/12)/((-1)/8). Suppose -21*a + 290 = 59. Suppose a*z + 525 = 18*z. Calculate the highest common divisor of z and t.
15
Suppose -51*s + 493 = -884. Let f be (-8 - 1)/(4/(-108)). Calculate the highest common factor of f and s.
27
Suppose 18*s + 3080 = 95*s. Calculate the greatest common factor of 1370 and s.
10
Suppose 0 = -5*u - u - 1374 + 1974. Calculate the greatest common divisor of u and 640.
20
Let h = 3475 - 3416. What is the greatest common factor of h and 1829?
59
Suppose -5218 = -3*m + 5*s, 127*m = 130*m + s - 5242. Calculate the greatest common divisor of 12 and m.
6
Let x be 2 + 1 + 0 + -1. Suppose -2*s + 2*d + 28 = 0, -x*s - 3*d = s - 54. What is the highest common factor of s and 80?
16
Suppose 0 = -n - 2*f + 48, 78 = 743*n - 741*n - 2*f. Calculate the greatest common divisor of 4767 and n.
21
Let w be 36/(-30)*630/(-54). Calculate the greatest common divisor of 574 and w.
14
Suppose -29*g = -33*g - 3*o + 648, 3*g = 5*o + 486. Calculate the greatest common factor of g and 24.
6
Suppose 11*u - 836 = -8*u. Suppose -2*t + 148 = -2*f, -114 = -t - 4*f - 25. Calculate the highest common divisor of t and u.
11
Let u = 517 - 185. Suppose 7*y - u - 2216 = 0. What is the greatest common divisor of 52 and y?
52
Suppose 7*u - 5*u - 252 = -w, 0 = 4*u - 2*w - 488. Suppose 9*d - 74 = u. What is the highest common divisor of 110 and d?
22
Suppose -4*y - 167*z + 154105 = -164*z, -3*y + z = -115582. Calculate the greatest common divisor of y and 59.
59
Let h be 1/(-3) + (-40)/(-3). Suppose -13*q + 5*c = -15*q + 826, -7*c + 431 = q. What is the highest common divisor of h and q?
13
Let q(m) = 23*m - 11*m + 20*m - 2*m + 12*m - 286. Let i be q(7). Suppose -74 + 10 = -4*r. What is the highest common factor of r and i?
8
Let d = 44552 - 44522. What is the greatest common divisor of d and 11240?
10
Let h(v) = -3*v**3 - 310*v**2 - 110*v + 191. Let f be h(-103). What is the greatest common divisor of f and 1444?
76
Suppose -1074*f + 973*f = -15655. Suppose -5*g = -10, 2*i - 630 = -3*i - 5*g. What is the greatest common factor of i and f?
31
Let v = 8692 + -7339. What is the greatest common factor of v and 33?
33
Let d(v) = -4*v + 93 - 73 - v**3 + 3*v. Let b be d(0). Suppose -b = -5*a, 6*a - 4*a - 116 = -2*z. What is the highest common factor of z and 81?
27
Suppose 1148 - 1166 = 32*w - 7954. Calculate the greatest common factor of 1798 and w.
62
Suppose 10*j + 33117 = 93*j. What is the greatest common divisor of 189 and j?
21
Let a = 11968 + -10533. Calculate the highest common factor of a and 25.
5
Let a(q) = -q**3 - 16*q**2 - 16*q - 13. Suppose 6*j = -50 - 40. Let u be a(j). Suppose u*d - 7*d = -240. What is the highest common factor of d and 72?
24
Let f(t) = t**3 - 23*t**2 + 49*t + 17. Let a be f(21). Suppose -10*q + 424 = a. Calculate the highest common factor of q and 6.
2
Let t = 6687 + -6539. What is the greatest common divisor of t and 5476?
148
Suppose 3*t - 49646 = 3*y + 39760, 5*t - 148998 = -y. Calculate the g